{"id":5,"date":"2020-03-19T10:53:30","date_gmt":"2020-03-19T10:53:30","guid":{"rendered":"https:\/\/minigenios.unileon.es\/?page_id=5"},"modified":"2021-12-21T12:55:11","modified_gmt":"2021-12-21T12:55:11","slug":"minigenios","status":"publish","type":"page","link":"https:\/\/minigenios.unileon.es\/","title":{"rendered":"MINIGENIOS"},"content":{"rendered":"\n<p class=\"has-drop-cap\">El Club de los Minigenios pretende ser un libro de relatos cortos sobre personajes reales que, a lo largo de la historia, destacaron por los retos y logros que alcanzaron con esfuerzo y tes\u00f3n. Vivieron en mundos cuyos ideales no eran los suyos ya que sus mentes iban mucho m\u00e1s all\u00e1, fueron hombres y mujeres pioneros\/as, visionarios\/as que so\u00f1aron con cambiar la realidad, y lo consiguieron.<\/p>\n\n\n\n<figure class=\"wp-block-gallery columns-7 is-cropped wp-block-gallery-1 is-layout-flex wp-block-gallery-is-layout-flex\"><ul class=\"blocks-gallery-grid\"><li class=\"blocks-gallery-item\"><figure><img loading=\"lazy\" decoding=\"async\" width=\"551\" height=\"872\" src=\"https:\/\/minigenios.unileon.es\/wp-content\/uploads\/2020\/10\/Captura-de-pantalla-2020-10-22-a-las-8.02.44-2.png\" alt=\"\" data-id=\"32\" data-full-url=\"https:\/\/minigenios.unileon.es\/wp-content\/uploads\/2020\/10\/Captura-de-pantalla-2020-10-22-a-las-8.02.44-2.png\" data-link=\"https:\/\/minigenios.unileon.es\/index.php\/minigenios\/captura-de-pantalla-2020-10-22-a-las-8-02-44-2\/\" class=\"wp-image-32\" srcset=\"https:\/\/minigenios.unileon.es\/wp-content\/uploads\/2020\/10\/Captura-de-pantalla-2020-10-22-a-las-8.02.44-2.png 551w, https:\/\/minigenios.unileon.es\/wp-content\/uploads\/2020\/10\/Captura-de-pantalla-2020-10-22-a-las-8.02.44-2-190x300.png 190w\" sizes=\"auto, (max-width: 551px) 100vw, 551px\" \/><\/figure><\/li><li class=\"blocks-gallery-item\"><figure><img loading=\"lazy\" decoding=\"async\" width=\"551\" height=\"872\" src=\"https:\/\/minigenios.unileon.es\/wp-content\/uploads\/2020\/10\/Captura-de-pantalla-2020-10-22-a-las-8.02.49-2.png\" alt=\"\" data-id=\"33\" data-full-url=\"https:\/\/minigenios.unileon.es\/wp-content\/uploads\/2020\/10\/Captura-de-pantalla-2020-10-22-a-las-8.02.49-2.png\" data-link=\"https:\/\/minigenios.unileon.es\/index.php\/minigenios\/captura-de-pantalla-2020-10-22-a-las-8-02-49-2\/\" class=\"wp-image-33\" srcset=\"https:\/\/minigenios.unileon.es\/wp-content\/uploads\/2020\/10\/Captura-de-pantalla-2020-10-22-a-las-8.02.49-2.png 551w, https:\/\/minigenios.unileon.es\/wp-content\/uploads\/2020\/10\/Captura-de-pantalla-2020-10-22-a-las-8.02.49-2-190x300.png 190w\" sizes=\"auto, (max-width: 551px) 100vw, 551px\" \/><\/figure><\/li><li class=\"blocks-gallery-item\"><figure><img loading=\"lazy\" decoding=\"async\" width=\"552\" height=\"871\" src=\"https:\/\/minigenios.unileon.es\/wp-content\/uploads\/2020\/10\/Captura-de-pantalla-2020-10-22-a-las-8.02.54-2.png\" alt=\"\" data-id=\"34\" data-full-url=\"https:\/\/minigenios.unileon.es\/wp-content\/uploads\/2020\/10\/Captura-de-pantalla-2020-10-22-a-las-8.02.54-2.png\" data-link=\"https:\/\/minigenios.unileon.es\/index.php\/minigenios\/captura-de-pantalla-2020-10-22-a-las-8-02-54-2\/\" class=\"wp-image-34\" srcset=\"https:\/\/minigenios.unileon.es\/wp-content\/uploads\/2020\/10\/Captura-de-pantalla-2020-10-22-a-las-8.02.54-2.png 552w, https:\/\/minigenios.unileon.es\/wp-content\/uploads\/2020\/10\/Captura-de-pantalla-2020-10-22-a-las-8.02.54-2-190x300.png 190w\" sizes=\"auto, (max-width: 552px) 100vw, 552px\" \/><\/figure><\/li><li class=\"blocks-gallery-item\"><figure><img loading=\"lazy\" decoding=\"async\" width=\"551\" height=\"871\" src=\"https:\/\/minigenios.unileon.es\/wp-content\/uploads\/2020\/10\/Captura-de-pantalla-2020-10-22-a-las-8.02.58-2.png\" alt=\"\" data-id=\"35\" data-full-url=\"https:\/\/minigenios.unileon.es\/wp-content\/uploads\/2020\/10\/Captura-de-pantalla-2020-10-22-a-las-8.02.58-2.png\" data-link=\"https:\/\/minigenios.unileon.es\/index.php\/minigenios\/captura-de-pantalla-2020-10-22-a-las-8-02-58-2\/\" class=\"wp-image-35\" srcset=\"https:\/\/minigenios.unileon.es\/wp-content\/uploads\/2020\/10\/Captura-de-pantalla-2020-10-22-a-las-8.02.58-2.png 551w, https:\/\/minigenios.unileon.es\/wp-content\/uploads\/2020\/10\/Captura-de-pantalla-2020-10-22-a-las-8.02.58-2-190x300.png 190w\" sizes=\"auto, (max-width: 551px) 100vw, 551px\" \/><\/figure><\/li><li class=\"blocks-gallery-item\"><figure><img loading=\"lazy\" decoding=\"async\" width=\"551\" height=\"872\" src=\"https:\/\/minigenios.unileon.es\/wp-content\/uploads\/2020\/10\/Captura-de-pantalla-2020-10-22-a-las-8.03.02-2.png\" alt=\"\" data-id=\"36\" data-full-url=\"https:\/\/minigenios.unileon.es\/wp-content\/uploads\/2020\/10\/Captura-de-pantalla-2020-10-22-a-las-8.03.02-2.png\" data-link=\"https:\/\/minigenios.unileon.es\/index.php\/minigenios\/captura-de-pantalla-2020-10-22-a-las-8-03-02-2\/\" class=\"wp-image-36\" srcset=\"https:\/\/minigenios.unileon.es\/wp-content\/uploads\/2020\/10\/Captura-de-pantalla-2020-10-22-a-las-8.03.02-2.png 551w, https:\/\/minigenios.unileon.es\/wp-content\/uploads\/2020\/10\/Captura-de-pantalla-2020-10-22-a-las-8.03.02-2-190x300.png 190w\" sizes=\"auto, (max-width: 551px) 100vw, 551px\" \/><\/figure><\/li><li class=\"blocks-gallery-item\"><figure><img loading=\"lazy\" decoding=\"async\" width=\"552\" height=\"872\" src=\"https:\/\/minigenios.unileon.es\/wp-content\/uploads\/2020\/10\/Captura-de-pantalla-2020-10-22-a-las-8.03.06-2.png\" alt=\"\" data-id=\"37\" data-full-url=\"https:\/\/minigenios.unileon.es\/wp-content\/uploads\/2020\/10\/Captura-de-pantalla-2020-10-22-a-las-8.03.06-2.png\" data-link=\"https:\/\/minigenios.unileon.es\/index.php\/minigenios\/captura-de-pantalla-2020-10-22-a-las-8-03-06-2\/\" class=\"wp-image-37\" srcset=\"https:\/\/minigenios.unileon.es\/wp-content\/uploads\/2020\/10\/Captura-de-pantalla-2020-10-22-a-las-8.03.06-2.png 552w, https:\/\/minigenios.unileon.es\/wp-content\/uploads\/2020\/10\/Captura-de-pantalla-2020-10-22-a-las-8.03.06-2-190x300.png 190w\" sizes=\"auto, (max-width: 552px) 100vw, 552px\" \/><\/figure><\/li><li class=\"blocks-gallery-item\"><figure><img loading=\"lazy\" decoding=\"async\" width=\"551\" height=\"874\" src=\"https:\/\/minigenios.unileon.es\/wp-content\/uploads\/2020\/10\/Captura-de-pantalla-2020-10-22-a-las-8.03.10-2.png\" alt=\"\" data-id=\"38\" data-full-url=\"https:\/\/minigenios.unileon.es\/wp-content\/uploads\/2020\/10\/Captura-de-pantalla-2020-10-22-a-las-8.03.10-2.png\" data-link=\"https:\/\/minigenios.unileon.es\/index.php\/minigenios\/captura-de-pantalla-2020-10-22-a-las-8-03-10-2\/\" class=\"wp-image-38\" srcset=\"https:\/\/minigenios.unileon.es\/wp-content\/uploads\/2020\/10\/Captura-de-pantalla-2020-10-22-a-las-8.03.10-2.png 551w, https:\/\/minigenios.unileon.es\/wp-content\/uploads\/2020\/10\/Captura-de-pantalla-2020-10-22-a-las-8.03.10-2-189x300.png 189w\" sizes=\"auto, (max-width: 551px) 100vw, 551px\" \/><\/figure><\/li><li class=\"blocks-gallery-item\"><figure><img loading=\"lazy\" decoding=\"async\" width=\"551\" height=\"874\" src=\"https:\/\/minigenios.unileon.es\/wp-content\/uploads\/2020\/10\/Captura-de-pantalla-2020-10-22-a-las-8.03.14-2.png\" alt=\"\" data-id=\"39\" data-full-url=\"https:\/\/minigenios.unileon.es\/wp-content\/uploads\/2020\/10\/Captura-de-pantalla-2020-10-22-a-las-8.03.14-2.png\" data-link=\"https:\/\/minigenios.unileon.es\/index.php\/minigenios\/captura-de-pantalla-2020-10-22-a-las-8-03-14-2\/\" class=\"wp-image-39\" srcset=\"https:\/\/minigenios.unileon.es\/wp-content\/uploads\/2020\/10\/Captura-de-pantalla-2020-10-22-a-las-8.03.14-2.png 551w, https:\/\/minigenios.unileon.es\/wp-content\/uploads\/2020\/10\/Captura-de-pantalla-2020-10-22-a-las-8.03.14-2-189x300.png 189w\" sizes=\"auto, (max-width: 551px) 100vw, 551px\" \/><\/figure><\/li><li class=\"blocks-gallery-item\"><figure><img loading=\"lazy\" decoding=\"async\" width=\"553\" height=\"871\" src=\"https:\/\/minigenios.unileon.es\/wp-content\/uploads\/2020\/10\/Captura-de-pantalla-2020-10-22-a-las-8.03.18-2.png\" alt=\"\" data-id=\"40\" data-full-url=\"https:\/\/minigenios.unileon.es\/wp-content\/uploads\/2020\/10\/Captura-de-pantalla-2020-10-22-a-las-8.03.18-2.png\" data-link=\"https:\/\/minigenios.unileon.es\/index.php\/minigenios\/captura-de-pantalla-2020-10-22-a-las-8-03-18-2\/\" class=\"wp-image-40\" srcset=\"https:\/\/minigenios.unileon.es\/wp-content\/uploads\/2020\/10\/Captura-de-pantalla-2020-10-22-a-las-8.03.18-2.png 553w, https:\/\/minigenios.unileon.es\/wp-content\/uploads\/2020\/10\/Captura-de-pantalla-2020-10-22-a-las-8.03.18-2-190x300.png 190w\" sizes=\"auto, (max-width: 553px) 100vw, 553px\" \/><\/figure><\/li><li class=\"blocks-gallery-item\"><figure><img loading=\"lazy\" decoding=\"async\" width=\"552\" height=\"873\" src=\"https:\/\/minigenios.unileon.es\/wp-content\/uploads\/2020\/10\/Captura-de-pantalla-2020-10-22-a-las-8.03.22-2.png\" alt=\"\" data-id=\"41\" data-full-url=\"https:\/\/minigenios.unileon.es\/wp-content\/uploads\/2020\/10\/Captura-de-pantalla-2020-10-22-a-las-8.03.22-2.png\" data-link=\"https:\/\/minigenios.unileon.es\/index.php\/minigenios\/captura-de-pantalla-2020-10-22-a-las-8-03-22-2\/\" class=\"wp-image-41\" srcset=\"https:\/\/minigenios.unileon.es\/wp-content\/uploads\/2020\/10\/Captura-de-pantalla-2020-10-22-a-las-8.03.22-2.png 552w, https:\/\/minigenios.unileon.es\/wp-content\/uploads\/2020\/10\/Captura-de-pantalla-2020-10-22-a-las-8.03.22-2-190x300.png 190w\" sizes=\"auto, (max-width: 552px) 100vw, 552px\" \/><\/figure><\/li><li class=\"blocks-gallery-item\"><figure><img loading=\"lazy\" decoding=\"async\" width=\"546\" height=\"872\" src=\"https:\/\/minigenios.unileon.es\/wp-content\/uploads\/2020\/10\/Captura-de-pantalla-2020-10-22-a-las-8.03.26-2.png\" alt=\"\" data-id=\"42\" data-full-url=\"https:\/\/minigenios.unileon.es\/wp-content\/uploads\/2020\/10\/Captura-de-pantalla-2020-10-22-a-las-8.03.26-2.png\" data-link=\"https:\/\/minigenios.unileon.es\/index.php\/minigenios\/captura-de-pantalla-2020-10-22-a-las-8-03-26-2\/\" class=\"wp-image-42\" srcset=\"https:\/\/minigenios.unileon.es\/wp-content\/uploads\/2020\/10\/Captura-de-pantalla-2020-10-22-a-las-8.03.26-2.png 546w, https:\/\/minigenios.unileon.es\/wp-content\/uploads\/2020\/10\/Captura-de-pantalla-2020-10-22-a-las-8.03.26-2-188x300.png 188w\" sizes=\"auto, (max-width: 546px) 100vw, 546px\" \/><\/figure><\/li><li class=\"blocks-gallery-item\"><figure><img loading=\"lazy\" decoding=\"async\" width=\"553\" height=\"872\" src=\"https:\/\/minigenios.unileon.es\/wp-content\/uploads\/2020\/10\/Captura-de-pantalla-2020-10-22-a-las-8.03.30-2.png\" alt=\"\" data-id=\"43\" data-full-url=\"https:\/\/minigenios.unileon.es\/wp-content\/uploads\/2020\/10\/Captura-de-pantalla-2020-10-22-a-las-8.03.30-2.png\" data-link=\"https:\/\/minigenios.unileon.es\/index.php\/minigenios\/captura-de-pantalla-2020-10-22-a-las-8-03-30-2\/\" class=\"wp-image-43\" srcset=\"https:\/\/minigenios.unileon.es\/wp-content\/uploads\/2020\/10\/Captura-de-pantalla-2020-10-22-a-las-8.03.30-2.png 553w, https:\/\/minigenios.unileon.es\/wp-content\/uploads\/2020\/10\/Captura-de-pantalla-2020-10-22-a-las-8.03.30-2-190x300.png 190w\" sizes=\"auto, (max-width: 553px) 100vw, 553px\" \/><\/figure><\/li><li class=\"blocks-gallery-item\"><figure><img loading=\"lazy\" decoding=\"async\" width=\"550\" height=\"873\" src=\"https:\/\/minigenios.unileon.es\/wp-content\/uploads\/2020\/10\/Captura-de-pantalla-2020-10-22-a-las-8.03.33-2.png\" alt=\"\" data-id=\"44\" data-full-url=\"https:\/\/minigenios.unileon.es\/wp-content\/uploads\/2020\/10\/Captura-de-pantalla-2020-10-22-a-las-8.03.33-2.png\" data-link=\"https:\/\/minigenios.unileon.es\/index.php\/minigenios\/captura-de-pantalla-2020-10-22-a-las-8-03-33-2\/\" class=\"wp-image-44\" srcset=\"https:\/\/minigenios.unileon.es\/wp-content\/uploads\/2020\/10\/Captura-de-pantalla-2020-10-22-a-las-8.03.33-2.png 550w, https:\/\/minigenios.unileon.es\/wp-content\/uploads\/2020\/10\/Captura-de-pantalla-2020-10-22-a-las-8.03.33-2-189x300.png 189w\" sizes=\"auto, (max-width: 550px) 100vw, 550px\" \/><\/figure><\/li><li class=\"blocks-gallery-item\"><figure><img loading=\"lazy\" decoding=\"async\" width=\"550\" height=\"871\" src=\"https:\/\/minigenios.unileon.es\/wp-content\/uploads\/2020\/10\/Captura-de-pantalla-2020-10-22-a-las-8.03.38-2.png\" alt=\"\" data-id=\"45\" data-full-url=\"https:\/\/minigenios.unileon.es\/wp-content\/uploads\/2020\/10\/Captura-de-pantalla-2020-10-22-a-las-8.03.38-2.png\" data-link=\"https:\/\/minigenios.unileon.es\/index.php\/minigenios\/captura-de-pantalla-2020-10-22-a-las-8-03-38-2\/\" class=\"wp-image-45\" srcset=\"https:\/\/minigenios.unileon.es\/wp-content\/uploads\/2020\/10\/Captura-de-pantalla-2020-10-22-a-las-8.03.38-2.png 550w, https:\/\/minigenios.unileon.es\/wp-content\/uploads\/2020\/10\/Captura-de-pantalla-2020-10-22-a-las-8.03.38-2-189x300.png 189w\" sizes=\"auto, (max-width: 550px) 100vw, 550px\" \/><\/figure><\/li><li class=\"blocks-gallery-item\"><figure><img loading=\"lazy\" decoding=\"async\" width=\"552\" height=\"872\" src=\"https:\/\/minigenios.unileon.es\/wp-content\/uploads\/2020\/10\/Captura-de-pantalla-2020-10-22-a-las-8.03.42-2.png\" alt=\"\" data-id=\"46\" data-full-url=\"https:\/\/minigenios.unileon.es\/wp-content\/uploads\/2020\/10\/Captura-de-pantalla-2020-10-22-a-las-8.03.42-2.png\" data-link=\"https:\/\/minigenios.unileon.es\/index.php\/minigenios\/captura-de-pantalla-2020-10-22-a-las-8-03-42-2\/\" class=\"wp-image-46\" srcset=\"https:\/\/minigenios.unileon.es\/wp-content\/uploads\/2020\/10\/Captura-de-pantalla-2020-10-22-a-las-8.03.42-2.png 552w, https:\/\/minigenios.unileon.es\/wp-content\/uploads\/2020\/10\/Captura-de-pantalla-2020-10-22-a-las-8.03.42-2-190x300.png 190w\" sizes=\"auto, (max-width: 552px) 100vw, 552px\" \/><\/figure><\/li><li class=\"blocks-gallery-item\"><figure><img loading=\"lazy\" decoding=\"async\" width=\"550\" height=\"872\" src=\"https:\/\/minigenios.unileon.es\/wp-content\/uploads\/2020\/10\/Captura-de-pantalla-2020-10-22-a-las-8.03.46-2.png\" alt=\"\" data-id=\"47\" data-full-url=\"https:\/\/minigenios.unileon.es\/wp-content\/uploads\/2020\/10\/Captura-de-pantalla-2020-10-22-a-las-8.03.46-2.png\" data-link=\"https:\/\/minigenios.unileon.es\/index.php\/minigenios\/captura-de-pantalla-2020-10-22-a-las-8-03-46-2\/\" class=\"wp-image-47\" srcset=\"https:\/\/minigenios.unileon.es\/wp-content\/uploads\/2020\/10\/Captura-de-pantalla-2020-10-22-a-las-8.03.46-2.png 550w, https:\/\/minigenios.unileon.es\/wp-content\/uploads\/2020\/10\/Captura-de-pantalla-2020-10-22-a-las-8.03.46-2-189x300.png 189w\" sizes=\"auto, (max-width: 550px) 100vw, 550px\" \/><\/figure><\/li><li class=\"blocks-gallery-item\"><figure><img loading=\"lazy\" decoding=\"async\" width=\"550\" height=\"871\" src=\"https:\/\/minigenios.unileon.es\/wp-content\/uploads\/2020\/10\/Captura-de-pantalla-2020-10-22-a-las-8.03.50-2.png\" alt=\"\" data-id=\"48\" data-full-url=\"https:\/\/minigenios.unileon.es\/wp-content\/uploads\/2020\/10\/Captura-de-pantalla-2020-10-22-a-las-8.03.50-2.png\" data-link=\"https:\/\/minigenios.unileon.es\/index.php\/minigenios\/captura-de-pantalla-2020-10-22-a-las-8-03-50-2\/\" class=\"wp-image-48\" srcset=\"https:\/\/minigenios.unileon.es\/wp-content\/uploads\/2020\/10\/Captura-de-pantalla-2020-10-22-a-las-8.03.50-2.png 550w, https:\/\/minigenios.unileon.es\/wp-content\/uploads\/2020\/10\/Captura-de-pantalla-2020-10-22-a-las-8.03.50-2-189x300.png 189w\" sizes=\"auto, (max-width: 550px) 100vw, 550px\" \/><\/figure><\/li><li class=\"blocks-gallery-item\"><figure><img loading=\"lazy\" decoding=\"async\" width=\"551\" height=\"871\" src=\"https:\/\/minigenios.unileon.es\/wp-content\/uploads\/2020\/10\/Captura-de-pantalla-2020-10-22-a-las-8.03.54-2.png\" alt=\"\" data-id=\"49\" data-full-url=\"https:\/\/minigenios.unileon.es\/wp-content\/uploads\/2020\/10\/Captura-de-pantalla-2020-10-22-a-las-8.03.54-2.png\" data-link=\"https:\/\/minigenios.unileon.es\/index.php\/minigenios\/captura-de-pantalla-2020-10-22-a-las-8-03-54-2\/\" class=\"wp-image-49\" srcset=\"https:\/\/minigenios.unileon.es\/wp-content\/uploads\/2020\/10\/Captura-de-pantalla-2020-10-22-a-las-8.03.54-2.png 551w, https:\/\/minigenios.unileon.es\/wp-content\/uploads\/2020\/10\/Captura-de-pantalla-2020-10-22-a-las-8.03.54-2-190x300.png 190w\" sizes=\"auto, (max-width: 551px) 100vw, 551px\" \/><\/figure><\/li><li class=\"blocks-gallery-item\"><figure><img loading=\"lazy\" decoding=\"async\" width=\"552\" height=\"871\" src=\"https:\/\/minigenios.unileon.es\/wp-content\/uploads\/2020\/10\/Captura-de-pantalla-2020-10-22-a-las-8.03.58-2.png\" alt=\"\" data-id=\"50\" data-full-url=\"https:\/\/minigenios.unileon.es\/wp-content\/uploads\/2020\/10\/Captura-de-pantalla-2020-10-22-a-las-8.03.58-2.png\" data-link=\"https:\/\/minigenios.unileon.es\/index.php\/minigenios\/captura-de-pantalla-2020-10-22-a-las-8-03-58-2\/\" class=\"wp-image-50\" srcset=\"https:\/\/minigenios.unileon.es\/wp-content\/uploads\/2020\/10\/Captura-de-pantalla-2020-10-22-a-las-8.03.58-2.png 552w, https:\/\/minigenios.unileon.es\/wp-content\/uploads\/2020\/10\/Captura-de-pantalla-2020-10-22-a-las-8.03.58-2-190x300.png 190w\" sizes=\"auto, (max-width: 552px) 100vw, 552px\" \/><\/figure><\/li><li class=\"blocks-gallery-item\"><figure><img loading=\"lazy\" decoding=\"async\" width=\"551\" height=\"872\" src=\"https:\/\/minigenios.unileon.es\/wp-content\/uploads\/2020\/10\/Captura-de-pantalla-2020-10-22-a-las-8.04.02-2.png\" alt=\"\" data-id=\"51\" data-full-url=\"https:\/\/minigenios.unileon.es\/wp-content\/uploads\/2020\/10\/Captura-de-pantalla-2020-10-22-a-las-8.04.02-2.png\" data-link=\"https:\/\/minigenios.unileon.es\/index.php\/minigenios\/captura-de-pantalla-2020-10-22-a-las-8-04-02-2\/\" class=\"wp-image-51\" srcset=\"https:\/\/minigenios.unileon.es\/wp-content\/uploads\/2020\/10\/Captura-de-pantalla-2020-10-22-a-las-8.04.02-2.png 551w, https:\/\/minigenios.unileon.es\/wp-content\/uploads\/2020\/10\/Captura-de-pantalla-2020-10-22-a-las-8.04.02-2-190x300.png 190w\" sizes=\"auto, (max-width: 551px) 100vw, 551px\" \/><\/figure><\/li><li class=\"blocks-gallery-item\"><figure><img loading=\"lazy\" decoding=\"async\" width=\"552\" height=\"870\" src=\"https:\/\/minigenios.unileon.es\/wp-content\/uploads\/2020\/10\/Captura-de-pantalla-2020-10-22-a-las-8.04.06-2.png\" alt=\"\" data-id=\"52\" data-full-url=\"https:\/\/minigenios.unileon.es\/wp-content\/uploads\/2020\/10\/Captura-de-pantalla-2020-10-22-a-las-8.04.06-2.png\" data-link=\"https:\/\/minigenios.unileon.es\/index.php\/minigenios\/captura-de-pantalla-2020-10-22-a-las-8-04-06-2\/\" class=\"wp-image-52\" srcset=\"https:\/\/minigenios.unileon.es\/wp-content\/uploads\/2020\/10\/Captura-de-pantalla-2020-10-22-a-las-8.04.06-2.png 552w, https:\/\/minigenios.unileon.es\/wp-content\/uploads\/2020\/10\/Captura-de-pantalla-2020-10-22-a-las-8.04.06-2-190x300.png 190w\" sizes=\"auto, (max-width: 552px) 100vw, 552px\" \/><\/figure><\/li><\/ul><\/figure>\n\n\n\n<hr class=\"wp-block-separator\"\/>\n\n\n\n<p class=\"has-large-font-size\">Disponible en Le\u00f3n en:<\/p>\n\n\n\n<div class=\"wp-block-media-text alignwide is-stacked-on-mobile\"><figure class=\"wp-block-media-text__media\"><a href=\"https:\/\/www.universitarialibros.com\/\" target=\"_blank\" rel=\"noopener noreferrer\"><img loading=\"lazy\" decoding=\"async\" width=\"197\" height=\"118\" src=\"https:\/\/minigenios.unileon.es\/wp-content\/uploads\/2020\/10\/Captura-de-pantalla-2020-10-22-a-las-10.02.42-2.png\" alt=\"\" class=\"wp-image-93 size-full\"\/><\/a><\/figure><div class=\"wp-block-media-text__content\">\n<p><strong><a href=\"https:\/\/www.universitarialibros.com\/\" target=\"_blank\" rel=\"noreferrer noopener\">Librer\u00eda Universitaria<\/a><\/strong><\/p>\n\n\n\n<p>C\/Gran v\u00eda de San Marcos, 3 &#8211; Bajo 24001 Le\u00f3n, Espa\u00f1a<\/p>\n\n\n\n<p>(+34) 987 241 511<\/p>\n\n\n\n<p> <a rel=\"noreferrer noopener\" href=\"mailto:info@universitarialibros.com\" target=\"_blank\">info@universitarialibros.com<\/a><\/p>\n<\/div><\/div>\n\n\n\n<div class=\"wp-block-media-text alignwide is-stacked-on-mobile\"><figure class=\"wp-block-media-text__media\"><a href=\"https:\/\/www.universitarialibros.com\/\" target=\"_blank\" rel=\"noopener noreferrer\"><img loading=\"lazy\" decoding=\"async\" width=\"599\" height=\"477\" src=\"https:\/\/minigenios.unileon.es\/wp-content\/uploads\/2020\/10\/MAISA-e1603354447936.jpg\" alt=\"\" class=\"wp-image-94 size-full\" srcset=\"https:\/\/minigenios.unileon.es\/wp-content\/uploads\/2020\/10\/MAISA-e1603354447936.jpg 599w, https:\/\/minigenios.unileon.es\/wp-content\/uploads\/2020\/10\/MAISA-e1603354447936-300x239.jpg 300w\" sizes=\"auto, (max-width: 599px) 100vw, 599px\" \/><\/a><\/figure><div class=\"wp-block-media-text__content\">\n<p><strong>Librer\u00eda MAISA<\/strong><\/p>\n\n\n\n<p>C\/ Ram\u00f3n y Cajal 14                                    Le\u00f3n, Espa\u00f1a <\/p>\n\n\n\n<p>(+34) 987 223 883 <\/p>\n\n\n\n<p><a rel=\"noreferrer noopener\" href=\"mailto:libreriamaisa@libreriamaisa.com\" target=\"_blank\">libreriamaisa@libreriamaisa.com<\/a><\/p>\n<\/div><\/div>\n\n\n\n<div class=\"wp-block-media-text alignwide is-stacked-on-mobile\"><figure class=\"wp-block-media-text__media\"><a href=\"https:\/\/www.universitarialibros.com\/\" target=\"_blank\" rel=\"noopener noreferrer\"><img loading=\"lazy\" decoding=\"async\" width=\"351\" height=\"217\" src=\"https:\/\/minigenios.unileon.es\/wp-content\/uploads\/2020\/10\/Captura-de-pantalla-2020-10-22-a-las-10.15.55.png\" alt=\"\" class=\"wp-image-97 size-full\" srcset=\"https:\/\/minigenios.unileon.es\/wp-content\/uploads\/2020\/10\/Captura-de-pantalla-2020-10-22-a-las-10.15.55.png 351w, https:\/\/minigenios.unileon.es\/wp-content\/uploads\/2020\/10\/Captura-de-pantalla-2020-10-22-a-las-10.15.55-300x185.png 300w\" sizes=\"auto, (max-width: 351px) 100vw, 351px\" \/><\/a><\/figure><div class=\"wp-block-media-text__content\">\n<p><strong><a href=\"https:\/\/www.libreriapastor.com\">Librer\u00eda Pastor<\/a><\/strong><\/p>\n\n\n\n<p>C\/Gran v\u00eda de San Marcos, 7        24001 Le\u00f3n, Espa\u00f1a                           <\/p>\n\n\n\n<p>(+34) 987 221 712 <\/p>\n\n\n\n<p><a rel=\"noreferrer noopener\" href=\"mailto:libreriainfantil@libreriapastor.com\" target=\"_blank\">libreriainfantil@libreriapastor.com<\/a><\/p>\n<\/div><\/div>\n\n\n\n<div class=\"wp-block-media-text alignwide is-stacked-on-mobile\"><figure class=\"wp-block-media-text__media\"><a href=\"https:\/\/www.universitarialibros.com\/\" target=\"_blank\" rel=\"noopener noreferrer\"><img loading=\"lazy\" decoding=\"async\" width=\"422\" height=\"238\" src=\"https:\/\/minigenios.unileon.es\/wp-content\/uploads\/2020\/10\/Captura-de-pantalla-2020-10-22-a-las-10.20.33.png\" alt=\"\" class=\"wp-image-99 size-full\" srcset=\"https:\/\/minigenios.unileon.es\/wp-content\/uploads\/2020\/10\/Captura-de-pantalla-2020-10-22-a-las-10.20.33.png 422w, https:\/\/minigenios.unileon.es\/wp-content\/uploads\/2020\/10\/Captura-de-pantalla-2020-10-22-a-las-10.20.33-300x169.png 300w\" sizes=\"auto, (max-width: 422px) 100vw, 422px\" \/><\/a><\/figure><div class=\"wp-block-media-text__content\">\n<p><a href=\"https:\/\/artemisleon.com\"><strong>Librer\u00eda Artemis<\/strong><\/a><\/p>\n\n\n\n<p>C\/Villa Benavente, 17                       24004 Le\u00f3n, Espa\u00f1a                           <\/p>\n\n\n\n<p>(+34) 987 344 143 <\/p>\n\n\n\n<p><a rel=\"noreferrer noopener\" href=\"mailto:artemis@artemisleon.com\" target=\"_blank\">artemis@artemisleon.com<\/a><\/p>\n<\/div><\/div>\n\n\n\n<hr class=\"wp-block-separator\"\/>\n\n\n\n<p class=\"has-large-font-size\">Disponible en Madrid en:<\/p>\n\n\n\n<div class=\"wp-block-media-text alignwide is-stacked-on-mobile\"><figure class=\"wp-block-media-text__media\"><a href=\"https:\/\/www.universitarialibros.com\/\" target=\"_blank\" rel=\"noopener noreferrer\"><img loading=\"lazy\" decoding=\"async\" width=\"468\" height=\"266\" src=\"https:\/\/minigenios.unileon.es\/wp-content\/uploads\/2020\/10\/Captura-de-pantalla-2020-10-22-a-las-10.29.26.png\" alt=\"\" class=\"wp-image-101 size-full\" srcset=\"https:\/\/minigenios.unileon.es\/wp-content\/uploads\/2020\/10\/Captura-de-pantalla-2020-10-22-a-las-10.29.26.png 468w, https:\/\/minigenios.unileon.es\/wp-content\/uploads\/2020\/10\/Captura-de-pantalla-2020-10-22-a-las-10.29.26-300x171.png 300w\" sizes=\"auto, (max-width: 468px) 100vw, 468px\" \/><\/a><\/figure><div class=\"wp-block-media-text__content\">\n<p><strong><a href=\"https:\/\/www.marcialpons.es\">Marcial Pons<\/a><\/strong><\/p>\n\n\n\n<p>(+34) 91 304 33 03 <\/p>\n\n\n\n<p><a rel=\"noreferrer noopener\" href=\"mailto:atencion@marcialpons.es\" target=\"_blank\">atencion@marcialpons.es<\/a><\/p>\n<\/div><\/div>\n\n\n\n<hr class=\"wp-block-separator\"\/>\n\n\n\n<p class=\"has-large-font-size\">Disponible online en:<\/p>\n\n\n\n<div class=\"wp-block-media-text alignwide is-stacked-on-mobile\"><figure class=\"wp-block-media-text__media\"><a href=\"https:\/\/www.universitarialibros.com\/\" target=\"_blank\" rel=\"noopener noreferrer\"><img loading=\"lazy\" decoding=\"async\" width=\"574\" height=\"99\" src=\"https:\/\/minigenios.unileon.es\/wp-content\/uploads\/2021\/12\/logo_serviciodepublicaciones_ule.png\" alt=\"\" class=\"wp-image-176 size-full\" srcset=\"https:\/\/minigenios.unileon.es\/wp-content\/uploads\/2021\/12\/logo_serviciodepublicaciones_ule.png 574w, https:\/\/minigenios.unileon.es\/wp-content\/uploads\/2021\/12\/logo_serviciodepublicaciones_ule-300x52.png 300w\" sizes=\"auto, (max-width: 574px) 100vw, 574px\" \/><\/a><\/figure><div class=\"wp-block-media-text__content\">\n<p><strong><a href=\"https:\/\/publicaciones.unileon.es\/product\/el-club-de-los-minigenios-relatos-de-suenos-que-cambiaron-el-mundo\/\" target=\"_blank\" rel=\"noreferrer noopener\">El Club de los Minigenios en UNEbook<\/a><\/strong><\/p>\n\n\n\n<p><\/p>\n<\/div><\/div>\n\n\n\n<p><\/p>\n","protected":false},"excerpt":{"rendered":"<p>El Club de los Minigenios pretende ser un libro de relatos cortos sobre personajes reales que, a lo largo de la historia, destacaron por los retos y logros que alcanzaron con esfuerzo y tes\u00f3n. Vivieron en mundos cuyos ideales no eran los suyos ya que sus mentes iban mucho m\u00e1s all\u00e1, fueron hombres y mujeres &hellip; <\/p>\n<p class=\"link-more\"><a href=\"https:\/\/minigenios.unileon.es\/\" class=\"more-link\">Continuar leyendo<span class=\"screen-reader-text\"> \u00abMINIGENIOS\u00bb<\/span><\/a><\/p>\n","protected":false},"author":1,"featured_media":0,"parent":0,"menu_order":0,"comment_status":"closed","ping_status":"closed","template":"","meta":{"footnotes":""},"class_list":["post-5","page","type-page","status-publish","hentry"],"_links":{"self":[{"href":"https:\/\/minigenios.unileon.es\/index.php\/wp-json\/wp\/v2\/pages\/5","targetHints":{"allow":["GET"]}}],"collection":[{"href":"https:\/\/minigenios.unileon.es\/index.php\/wp-json\/wp\/v2\/pages"}],"about":[{"href":"https:\/\/minigenios.unileon.es\/index.php\/wp-json\/wp\/v2\/types\/page"}],"author":[{"embeddable":true,"href":"https:\/\/minigenios.unileon.es\/index.php\/wp-json\/wp\/v2\/users\/1"}],"replies":[{"embeddable":true,"href":"https:\/\/minigenios.unileon.es\/index.php\/wp-json\/wp\/v2\/comments?post=5"}],"version-history":[{"count":20,"href":"https:\/\/minigenios.unileon.es\/index.php\/wp-json\/wp\/v2\/pages\/5\/revisions"}],"predecessor-version":[{"id":178,"href":"https:\/\/minigenios.unileon.es\/index.php\/wp-json\/wp\/v2\/pages\/5\/revisions\/178"}],"wp:attachment":[{"href":"https:\/\/minigenios.unileon.es\/index.php\/wp-json\/wp\/v2\/media?parent=5"}],"curies":[{"name":"wp","href":"https:\/\/api.w.org\/{rel}","templated":true}]}}