{"id":142,"date":"2020-11-10T17:33:28","date_gmt":"2020-11-10T17:33:28","guid":{"rendered":"https:\/\/minigenios.unileon.es\/?page_id=142"},"modified":"2020-11-10T17:33:28","modified_gmt":"2020-11-10T17:33:28","slug":"la-oca-de-las-matematicas","status":"publish","type":"page","link":"https:\/\/minigenios.unileon.es\/index.php\/la-oca-de-las-matematicas\/","title":{"rendered":"La Oca de las matem\u00e1ticas"},"content":{"rendered":"\n<figure class=\"wp-block-table\"><table><tbody><tr><td><strong>Tem\u00e1tica<\/strong><\/td><td>MATEM\u00c1TICAS. N\u00fameros<\/td><\/tr><tr><td><strong>Descripci\u00f3n y objetivos<\/strong><\/td><td>Los estudiantes tienen que crear un tablero como el Juego de la Oca, con diferentes pruebas matem\u00e1ticas. Cada una de las casillas debe incluir operaciones, problemas o cualquier otra tarea que los alumnos est\u00e9n estudiando en clase. El tablero ser\u00e1 el mismo que el de la Oca lo que cambiar\u00e1 ser\u00e1n las pruebas.<\/td><\/tr><\/tbody><\/table><\/figure>\n\n\n\n<figure class=\"wp-block-image size-large\"><img loading=\"lazy\" decoding=\"async\" width=\"550\" height=\"873\" src=\"https:\/\/minigenios.unileon.es\/wp-content\/uploads\/2020\/10\/Captura-de-pantalla-2020-10-22-a-las-8.03.33-2-1.png\" alt=\"\" class=\"wp-image-68\" srcset=\"https:\/\/minigenios.unileon.es\/wp-content\/uploads\/2020\/10\/Captura-de-pantalla-2020-10-22-a-las-8.03.33-2-1.png 550w, https:\/\/minigenios.unileon.es\/wp-content\/uploads\/2020\/10\/Captura-de-pantalla-2020-10-22-a-las-8.03.33-2-1-189x300.png 189w\" sizes=\"auto, (max-width: 550px) 100vw, 550px\" \/><\/figure>\n\n\n\n<p><\/p>\n","protected":false},"excerpt":{"rendered":"<p>Tem\u00e1tica MATEM\u00c1TICAS. N\u00fameros Descripci\u00f3n y objetivos Los estudiantes tienen que crear un tablero como el Juego de la Oca, con diferentes pruebas matem\u00e1ticas. Cada una de las casillas debe incluir operaciones, problemas o cualquier otra tarea que los alumnos est\u00e9n estudiando en clase. El tablero ser\u00e1 el mismo que el de la Oca lo que &hellip; <\/p>\n<p class=\"link-more\"><a href=\"https:\/\/minigenios.unileon.es\/index.php\/la-oca-de-las-matematicas\/\" class=\"more-link\">Continuar leyendo<span class=\"screen-reader-text\"> \u00abLa Oca de las matem\u00e1ticas\u00bb<\/span><\/a><\/p>\n","protected":false},"author":1,"featured_media":0,"parent":0,"menu_order":0,"comment_status":"closed","ping_status":"closed","template":"","meta":{"footnotes":""},"class_list":["post-142","page","type-page","status-publish","hentry"],"_links":{"self":[{"href":"https:\/\/minigenios.unileon.es\/index.php\/wp-json\/wp\/v2\/pages\/142","targetHints":{"allow":["GET"]}}],"collection":[{"href":"https:\/\/minigenios.unileon.es\/index.php\/wp-json\/wp\/v2\/pages"}],"about":[{"href":"https:\/\/minigenios.unileon.es\/index.php\/wp-json\/wp\/v2\/types\/page"}],"author":[{"embeddable":true,"href":"https:\/\/minigenios.unileon.es\/index.php\/wp-json\/wp\/v2\/users\/1"}],"replies":[{"embeddable":true,"href":"https:\/\/minigenios.unileon.es\/index.php\/wp-json\/wp\/v2\/comments?post=142"}],"version-history":[{"count":1,"href":"https:\/\/minigenios.unileon.es\/index.php\/wp-json\/wp\/v2\/pages\/142\/revisions"}],"predecessor-version":[{"id":143,"href":"https:\/\/minigenios.unileon.es\/index.php\/wp-json\/wp\/v2\/pages\/142\/revisions\/143"}],"wp:attachment":[{"href":"https:\/\/minigenios.unileon.es\/index.php\/wp-json\/wp\/v2\/media?parent=142"}],"curies":[{"name":"wp","href":"https:\/\/api.w.org\/{rel}","templated":true}]}}